{"id":12,"date":"2023-07-07T05:55:17","date_gmt":"2023-07-07T05:55:17","guid":{"rendered":"https:\/\/schronienie.mng.gda.pl\/schronienie\/?page_id=12"},"modified":"2024-08-06T08:49:20","modified_gmt":"2024-08-06T08:49:20","slug":"edukacja","status":"publish","type":"page","link":"https:\/\/schronienie.mng.gda.pl\/schronienie\/edukacja\/","title":{"rendered":"Edukacja"},"content":{"rendered":"\n  \n<div class=\"row\">\n    <div class=\"col-xxl-12\">\n        <div class=\"educate_box\">\n          <div class=\"educate_img\"> <img decoding=\"async\" src=\"https:\/\/schronienie.mng.gda.pl\/schronienie\/wp-content\/uploads\/Shelter-IG_PG-1-274x274.jpg\" alt=\"Learning by doing!\" class=\"img_all\"><\/div>\n          <div class=\"educate_text\">\n          <a href=\"https:\/\/schronienie.mng.gda.pl\/schronienie\/wyksztalcenie\/shelter-learning-by-doing\/\"><h3>Learning by doing!<\/h3><\/a>\n              Projekt studencki &#8220;Shelter &#8211; learning by doing!&#8221; wyk\u0142adowc\u00f3w i student\u00f3w Architektury na Politechnice Gda\u0144skiej to odpowied\u017a na globalne problemy humanitarne dotykaj\u0105ce ludzi w r\u00f3\u017cnych cz\u0119\u015bciach \u015bwiata. Konstrukcje powstawa\u0142y z jak najmniejszej ilo\u015bci i mo\u017cliwych do recyclingu materia\u0142\u00f3w. Dzia\u0142anie przygotowa\u0142o student\u00f3w do szybkiej reakcji w sytuacjach kryzysowych, do przeszkolenia os\u00f3b w kryzysie humanitarnym do skonstruowania tymczasowych schronie\u0144.           <\/div>\n        <\/div>\n    <\/div>\n<\/div>\n\n<div class=\"educate\">\n        <ul class=\"row\" role=\"list\">\n                <li class=\"col-xxl-6 col-xl-6 col-lg-6 col-md-12 col-sm-12 main_sec\">\n        <div class=\"educate_box1 main_sec_box\">\n        <div class=\"educate_img1\"><img decoding=\"async\" src=\"https:\/\/schronienie.mng.gda.pl\/schronienie\/wp-content\/uploads\/2023\/08\/Shelter-IG_Grenlandia2-392x392.jpg\" alt=\"Warsztaty rodzinne\" class=\"img_all\"><\/div>\n        <div class=\"educate_text\">\n        <a href=\"https:\/\/schronienie.mng.gda.pl\/schronienie\/kategoria_edukacja\/warsztaty-rodzinne\/\"><h3>Warsztaty rodzinne<\/h3><\/a>\n            Promujemy ide\u0119 zero waste oraz postawy ekologiczne. Piel\u0119gnujemy tradycje. Poznajemy z kultur\u0105 regionu oraz kultur\u0105 ludow\u0105 innych kraj\u00f3w. Chcemy edukowa\u0107 przez sztuk\u0119 i r\u0119kodzie\u0142o. \u0141\u0105czymy dzieci, m\u0142odzie\u017c i doros\u0142ych z artyst(k)ami, tw\u00f3rczyniami i tw\u00f3rcami ludowymi oraz muzealni(cz)kami.<\/div>\n        <\/div>\n\n        <\/li>\n                <li class=\"col-xxl-6 col-xl-6 col-lg-6 col-md-12 col-sm-12 main_sec\">\n        <div class=\"educate_box1 main_sec_box\">\n        <div class=\"educate_img1\"><img decoding=\"async\" src=\"https:\/\/schronienie.mng.gda.pl\/schronienie\/wp-content\/uploads\/2023\/08\/Shelter-IG_stemple-392x392.jpg\" alt=\"Warsztaty wielokulturowe\" class=\"img_all\"><\/div>\n        <div class=\"educate_text\">\n        <a href=\"https:\/\/schronienie.mng.gda.pl\/schronienie\/kategoria_edukacja\/warsztaty-wielokulturowe\/\"><h3>Warsztaty wielokulturowe<\/h3><\/a>\n            <\/div>\n        <\/div>\n\n        <\/li>\n                <li class=\"col-xxl-6 col-xl-6 col-lg-6 col-md-12 col-sm-12 main_sec\">\n        <div class=\"educate_box1 main_sec_box\">\n        <div class=\"educate_img1\"><img decoding=\"async\" src=\"https:\/\/schronienie.mng.gda.pl\/schronienie\/wp-content\/uploads\/2023\/08\/zajawki-IG-i-FB-_pszczola-392x392.jpg\" alt=\"Warsztaty przyrodnicze\" class=\"img_all\"><\/div>\n        <div class=\"educate_text\">\n        <a href=\"https:\/\/schronienie.mng.gda.pl\/schronienie\/kategoria_edukacja\/warsztaty-przyrodnicze\/\"><h3>Warsztaty przyrodnicze<\/h3><\/a>\n            <\/div>\n        <\/div>\n\n        <\/li>\n                <li class=\"col-xxl-6 col-xl-6 col-lg-6 col-md-12 col-sm-12 main_sec\">\n        <div class=\"educate_box1 main_sec_box\">\n        <div class=\"educate_img1\"><img decoding=\"async\" src=\"https:\/\/schronienie.mng.gda.pl\/schronienie\/wp-content\/uploads\/2023\/08\/Shelter-IG_zimowy-las-392x392.png\" alt=\"Warsztaty proekologiczne\" class=\"img_all\"><\/div>\n        <div class=\"educate_text\">\n        <a href=\"https:\/\/schronienie.mng.gda.pl\/schronienie\/kategoria_edukacja\/warsztaty-proekologiczne\/\"><h3>Warsztaty proekologiczne<\/h3><\/a>\n            <\/div>\n        <\/div>\n\n        <\/li>\n                <li class=\"col-xxl-6 col-xl-6 col-lg-6 col-md-12 col-sm-12 main_sec\">\n        <div class=\"educate_box1 main_sec_box\">\n        <div class=\"educate_img1\"><img decoding=\"async\" src=\"https:\/\/schronienie.mng.gda.pl\/schronienie\/wp-content\/uploads\/2023\/08\/Shelter-IG_warsztaty-dla-przedszkoli-wiosna-392x392.jpg\" alt=\"Warsztaty dla szk\u00f3\u0142 i\u00a0przedszkoli\" class=\"img_all\"><\/div>\n        <div class=\"educate_text\">\n        <a href=\"https:\/\/schronienie.mng.gda.pl\/schronienie\/kategoria_edukacja\/warsztaty-dla-szkol-i-przedszkoli\/\"><h3>Warsztaty dla szk\u00f3\u0142 i\u00a0przedszkoli<\/h3><\/a>\n            <\/div>\n        <\/div>\n\n        <\/li>\n                <li class=\"col-xxl-6 col-xl-6 col-lg-6 col-md-12 col-sm-12 main_sec\">\n        <div class=\"educate_box1 main_sec_box\">\n        <div class=\"educate_img1\"><img decoding=\"async\" src=\"https:\/\/schronienie.mng.gda.pl\/schronienie\/wp-content\/uploads\/2023\/07\/banner_img.png\" alt=\"Scenariusze zaj\u0119\u0107\" class=\"img_all\"><\/div>\n        <div class=\"educate_text\">\n        <a href=\"https:\/\/schronienie.mng.gda.pl\/schronienie\/kategoria_edukacja\/scenariusze-zajec\/\"><h3>Scenariusze zaj\u0119\u0107<\/h3><\/a>\n            Scenariusze dla Ciebie i Twojej klasy.<\/div>\n        <\/div>\n\n        <\/li>\n        \n\n      \n\n        <\/ul>\n<\/div>\n\n\n\n","protected":false},"excerpt":{"rendered":"","protected":false},"author":1,"featured_media":190,"parent":0,"menu_order":0,"comment_status":"closed","ping_status":"closed","template":"page-templates\/template-inner-page.php","meta":{"inline_featured_image":false,"footnotes":"","_links_to":"","_links_to_target":""},"class_list":["post-12","page","type-page","status-publish","has-post-thumbnail","hentry"],"acf":[],"_links":{"self":[{"href":"https:\/\/schronienie.mng.gda.pl\/schronienie\/wp-json\/wp\/v2\/pages\/12","targetHints":{"allow":["GET"]}}],"collection":[{"href":"https:\/\/schronienie.mng.gda.pl\/schronienie\/wp-json\/wp\/v2\/pages"}],"about":[{"href":"https:\/\/schronienie.mng.gda.pl\/schronienie\/wp-json\/wp\/v2\/types\/page"}],"author":[{"embeddable":true,"href":"https:\/\/schronienie.mng.gda.pl\/schronienie\/wp-json\/wp\/v2\/users\/1"}],"replies":[{"embeddable":true,"href":"https:\/\/schronienie.mng.gda.pl\/schronienie\/wp-json\/wp\/v2\/comments?post=12"}],"version-history":[{"count":79,"href":"https:\/\/schronienie.mng.gda.pl\/schronienie\/wp-json\/wp\/v2\/pages\/12\/revisions"}],"predecessor-version":[{"id":11418,"href":"https:\/\/schronienie.mng.gda.pl\/schronienie\/wp-json\/wp\/v2\/pages\/12\/revisions\/11418"}],"wp:featuredmedia":[{"embeddable":true,"href":"https:\/\/schronienie.mng.gda.pl\/schronienie\/wp-json\/wp\/v2\/media\/190"}],"wp:attachment":[{"href":"https:\/\/schronienie.mng.gda.pl\/schronienie\/wp-json\/wp\/v2\/media?parent=12"}],"curies":[{"name":"wp","href":"https:\/\/api.w.org\/{rel}","templated":true}]}}